) in base 8?
-721110
What is -32053012 (base 6) in base 8?
-3454340
Convert -10676 (base 14) to base 10.
-39696
80844 (base 13) to base 8
701010
Convert 2031342 (base 6) to base 12.
48552
What is 4727433 (base 9) in base 15?
357c76
What is -63266d (base 14) in base 16?
-3319d9
What is -4346c (base 14) in base 8?
-475730
What is eb0272 (base 15) in base 13?
241992b
ca051 (base 15) to base 9
1176654
What is -265aac (base 16) in base 3?
-11201200222120
10521621 (base 7) to base 16
dee88
Convert 554865 (base 9) to base 4.
1100332121
What is 140332 (base 7) in base 14?
9989
Convert -200112221121 (base 3) to base 13.
-ca2b8
What is -303444332 (base 5) in base 10?
-1234342
What is 110235152 (base 6) in base 3?
10201121020112
Convert -1c60c0 (base 13) to base 7.
-6116410
Convert 20112002200111 (base 3) to base 8.
15161665
Convert 12123130 (base 4) to base 11.
18869
What is 4919a (base 11) in base 6?
1303353
What is -4311340 (base 6) in base 5?
-23232341
What is -32212203321 (base 4) in base 8?
-16464371
-6500f (base 16) to base 8
-1450017
What is 10755021 (base 9) in base 12?
1904291
-34530312 (base 6) to base 9
-2008738
Convert 364412 (base 8) to base 13.
44ca4
134da2 (base 14) to base 9
1225530
What is 1ba0 (base 14) in base 6?
35200
What is 22023c (base 15) in base 5?
403324012
What is 3320532 (base 9) in base 12?
721002
What is 113365 (base 7) in base 13?
93b8
Convert -63733a (base 11) to base 9.
-1824100
-2a21b7 (base 12) to base 7
-6011236
What is 2112112210220 (base 3) in base 9?
2475726
229cca (base 13) to base 9
1482112
Convert -2dc56 (base 15) to base 5.
-14213111
What is 1101012001112 (base 3) in base 8?
2625465
What is -2020031202 (base 5) in base 10?
-4064552
1216233 (base 13) to base 14
a6102a
What is -13322342 (base 5) in base 2?
-100001001100100100
Convert 2051152 (base 7) to base 11.
15a141
-160275 (base 10) to base 14
-425a3
What is 2303231033 (base 4) in base 7?
6154001
What is -229073 (base 11) in base 10?
-363443
Convert -362701 (base 8) to base 13.
-447a8
Convert -16026571 (base 9) to base 11.
-4567765
-5342c6 (base 16) to base 4
-110310023012
-277b1a3 (base 12) to base 2
-11110000011011001001011
110001010101111010 (base 2) to base 7
1501142
What is 465959 (base 10) in base 16?
71c27
Convert 64052254 (base 8) to base 9.
27618552
What is 38339 (base 10) in base 13?
145b2
1142422500 (base 6) to base 4
301212332010
322525344 (base 7) to base 16
125ffbe
What is -24214 (base 13) in base 6?
-1230441
What is -412c9c (base 15) in base 16?
-2f447a
Convert -185de (base 16) to base 9.
-161815
What is 111111001000000111001111 (base 2) in base 12?
5660693
Convert cc59 (base 13) to base 5.
1402331
What is -1001110010001 (base 3) in base 10?
-559954
-14443662 (base 7) to base 5
-322403323
10000001110001110001 (base 2) to base 12
217755
Convert -17244 (base 14) to base 9.
-87588
What is 506625 (base 14) in base 11?
1589721
-152890 (base 14) to base 5
-142041321
Convert bb5c7 (base 13) to base 6.
11135014
Convert 22130121011 (base 4) to base 11.
15aa999
Convert -2c982 (base 13) to base 14.
-23037
What is -1033368 (base 9) in base 14?
-105a80
-64531a (base 11) to base 15
-155b3e
Convert a23ad7 (base 14) to base 4.
110312111231
-2671e6 (base 16) to base 5
-1121111101
3430605 (base 7) to base 4
1220122131
What is -2220430 (base 6) in base 10?
-111618
-2004542 (base 6) to base 3
-11210110122
What is 7132d (base 14) in base 2?
1000010011110011101
8623 (base 14) to base 12
1149b
Convert -2bb914 (base 12) to base 2.
-10110110001001100000
Convert -47588 (base 14) to base 5.
-21031342
22414250 (base 6) to base 2
10100111100111010110
What is -223b0c (base 14) in base 16?
-11be80
Convert -2551005 (base 6) to base 11.
-95397
Convert 761832 (base 15) to base 12.
1a72b85
What is b2287b (base 13) in base 6?
224515545
Convert -85334 (base 13) to base 6.
-5051115
-f922d (base 16) to base 10
-1020461
132532341 (base 6) to base 8
12103505
What is 111000101010100001 (base 2) in base 4?
320222201
What is ab746 (base 15) in base 6?
15403120
What is -1101001010101001 (base 2) in base 6?
-1053401
What is 6d75a8 (base 14) in base 3?
21001100111020
What is -8488 (base 13) in base 7?
-104353
What is 133311002 (base 5) in base 11?
426442
Convert -f04f2 (base 16) to base 2.
-11110000010011110010
What is -136012 (base 8) in base 6?
-1010510
What is -1010101100110100011000 (base 2) in base 10?
-2805016
What is 7170174 (base 8) in base 10?
1896572
-a12a97 (base 15) to base 16
-74c88d
-4302042013 (base 5) to base 14
-12aa823
What is -2152607 (base 10) in base 7?
-24203552
Convert -d5981 (base 15) to base 11.
-422828
-10011003422 (base 5) to base 11
-5624951
Convert 142520310 (base 6) to base 4.
23030113302
What is 21000100331 (base 4) in base 14?
4562a9
What is -131025 (base 6) in base 13?
-5552
1521263 (base 7) to base 13
7328c
What is 20302230113 (base 4) in base 13?
6290a8
-3515430 (base 6) to base 5
-21301021
Convert -11011001000111001000000 (base 2) to base 10.
-7114304
What is -13222132 (base 5) in base 15?
-2952c
What is 7521688 (base 9) in base 3?
21120201202222
What is -21330131023 (base 4) in base 10?
-2606923
What is -11011100110001001 (base 2) in base 5?
-12104113
Convert 5636b (base 14) to base 16.
3314b
Convert 22432012 (base 5) to base 9.
337241
What is -49379 (base 12) in base 4?
-120023031
Convert 132400314 (base 7) to base 13.
19cc350
What is -70f83 (base 16) in base 7?
-3635022
Convert -222020010002 (base 3) to base 5.
-113004330
What is -10011101010111111 (base 2) in base 16?
-13abf
What is 912a4 (base 11) in base 12?
65294
What is -2566372 (base 8) in base 4?
-2232303322
-1251bb1 (base 12) to base 14
-69683b
What is 9e12 (base 16) in base 3?
2001111202
-1122140142 (base 5) to base 10
-2536922
110101101110100101 (base 2) to base 15
45314
What is 39b55 (base 13) in base 7?
625035
40449 (base 16) to base 5
31410431
Convert -2b1b34 (base 15) to base 6.
-112340404
11211322013 (base 4) to base 13
3c4367
-4cde1 (base 16) to base 9
-528802
Convert 45815 (base 11) to base 2.
10000001010011011
101011001010001101111 (base 2) to base 15
1ce08a
Convert 11806 (base 13) to base 3.
1122001111
Convert 153022353 (base 6) to base 9.
6051306
Convert -45c272 (base 14) to base 9.
-4422314
-2102002122 (base 3) to base 8
-134540
-10200020200 (base 3) to base 9
-120220
What is -65725 (base 8) in base 2?
-110101111010101
What is 342134 (base 10) in base 8?
1234166
What is -14002 (base 14) in base 11?
-34124
What is 11b21 (base 14) in base 13?
16963
Convert -10110011100000110110100 (base 2) to base 9.
-12054880
Convert -10fda (base 16) to base 9.
-115416
What is -2103553 (base 6) in base 3?
-12011211220
-1ba9216 (base 12) to base 8
-26535762
What is -27334311 (base 9) in base 3?
-221101011100101
What is 1043298 (base 10) in base 8?
3765542
What is -354ca (base 15) in base 9?
-277871
What is -2308c5 (base 13) in base 5?
-203023112
14d23 (base 16) to base 7
503432
What is -b8caa0 (base 14) in base 11?
-3595053
What is 212202001112 (base 3) in base 15?
93705
2126263 (base 10) to base 9
4000614
Convert 4262144 (base 7) to base 11.
325247
-2211211101021 (base 3) to base 7
-15565546
Convert 301131130 (base 4) to base 9.
337807
b7c346 (base 14) to base 10
6218554
What is -23656111 (base 7) in base 2?
-1000000100010110110011
What is 2320513 (base 7) in base 11?
189512
Convert 1101011010010110001 (base 2) to base 13.
125058
10121202210211 (base 3) to base 9
3552724
Convert 487256 (base 9) to base 8.
1076160
Convert 12527 (base 14) to base 16.
af77
What is -19751d (base 14) in base 11?
-568031
82775 (base 14) to base 9
528112
Convert -7b4d5 (base 14) to base 9.
-506547
What is 3654061 (base 13) in base 14?
234c397
Convert 3422423 (base 6) to base 9.
285026
-1460c (base 13) to base 6
-453355
What is 222010122000021 (base 3) in base 13?
2b539c1
Convert 974107 (base 10) to base 7.
11164651
What is 2022201021 (base 3) in base 11?
31392
-1b044a (base 16) to base 2
-110110000010001001010
What is 134013043 (base 5) in base 15?
d9018
What is -46372 (base 8) in base 4?
-10303322
What is -13052034 (base 8) in base 11?
-1704725
What is -21310240 (base 5) in base 6?
-3522201
What is -1071331 (base 8) in base 13?
-a2917
What is 4a440 (base 14) in base 11?
114774
What is 46777 (base 10) in base 2?
10110